{"id":1332,"date":"2015-03-10T15:33:59","date_gmt":"2015-03-10T14:33:59","guid":{"rendered":"http:\/\/www.icone-galerie.com\/?page_id=1332"},"modified":"2018-10-01T13:42:11","modified_gmt":"2018-10-01T12:42:11","slug":"arty-scarves-shawls-200x100","status":"publish","type":"page","link":"https:\/\/www.icone-galerie.com\/fr\/arty-scarves-shawls-200x100\/","title":{"rendered":"Arty Echarpes"},"content":{"rendered":"<p><\/p>\n<h3 style=\"text-align: right; position: absolute; top: -80px; margin-right: 0; right: 0;\">200 x 100 cm<\/h3>\n<h4 style=\"text-align: center;\">Vitrail des travailleurs<\/h4>\n<p style=\"text-align: center;\"><a href=\"http:\/\/www.icone-galerie.com\/wp-content\/uploads\/2013\/03\/Vitrail-des-travailleurs200x100.jpg\"><img loading=\"lazy\" decoding=\"async\" class=\"alignnone wp-image-1290 size-medium\" src=\"http:\/\/www.icone-galerie.com\/wp-content\/uploads\/2013\/03\/Vitrail-des-travailleurs200x100-600x300.jpg\" alt=\"\" width=\"600\" height=\"300\" srcset=\"https:\/\/www.icone-galerie.com\/wp-content\/uploads\/2013\/03\/Vitrail-des-travailleurs200x100-600x300.jpg 600w, https:\/\/www.icone-galerie.com\/wp-content\/uploads\/2013\/03\/Vitrail-des-travailleurs200x100-999x500.jpg 999w, https:\/\/www.icone-galerie.com\/wp-content\/uploads\/2013\/03\/Vitrail-des-travailleurs200x100-930x465.jpg 930w, https:\/\/www.icone-galerie.com\/wp-content\/uploads\/2013\/03\/Vitrail-des-travailleurs200x100-450x225.jpg 450w, https:\/\/www.icone-galerie.com\/wp-content\/uploads\/2013\/03\/Vitrail-des-travailleurs200x100.jpg 1000w\" sizes=\"auto, (max-width: 600px) 100vw, 600px\" \/><\/a><\/p>\n<p style=\"text-align: center; clear: both;\">Format : 200 x 100 cm<\/p>\n<p style=\"text-align: center; clear: both;\">Vitrail de l\u2019Institut Central de Recherche de G\u00e9nie M\u00e9canique et Travail des M\u00e9taux (TSNIITMASH) \u00e0 Moscou. Ici furent r\u00e9alis\u00e9s, les lance-roquettes \u00ab Katiouchka \u00bb de la seconde guerre mondiale, les fameuses Etoiles Rubis du Kremlin, pour le vingti\u00e8me anniversaire de la R\u00e9volution d\u2019Octobre, ainsi que la Sculpture de \u00ab l\u2019Ouvrier et de la Kolkhozienne \u00bb de Vera Moukhina en 1937.<\/p>\n<div class=\"hr_invisible\"><\/div>\n<h4 style=\"text-align: center;\">Mosa\u00efque des sportifs<\/h4>\n<p style=\"text-align: center;\"><a href=\"http:\/\/www.icone-galerie.com\/wp-content\/uploads\/2013\/03\/Mosaique-des-sportifs-200x100.jpg\"><img loading=\"lazy\" decoding=\"async\" class=\"alignnone wp-image-1292 size-medium\" src=\"http:\/\/www.icone-galerie.com\/wp-content\/uploads\/2013\/03\/Mosaique-des-sportifs-200x100-600x300.jpg\" alt=\"\" width=\"600\" height=\"300\" srcset=\"https:\/\/www.icone-galerie.com\/wp-content\/uploads\/2013\/03\/Mosaique-des-sportifs-200x100-600x300.jpg 600w, https:\/\/www.icone-galerie.com\/wp-content\/uploads\/2013\/03\/Mosaique-des-sportifs-200x100-999x500.jpg 999w, https:\/\/www.icone-galerie.com\/wp-content\/uploads\/2013\/03\/Mosaique-des-sportifs-200x100-930x465.jpg 930w, https:\/\/www.icone-galerie.com\/wp-content\/uploads\/2013\/03\/Mosaique-des-sportifs-200x100-450x225.jpg 450w, https:\/\/www.icone-galerie.com\/wp-content\/uploads\/2013\/03\/Mosaique-des-sportifs-200x100.jpg 1000w\" sizes=\"auto, (max-width: 600px) 100vw, 600px\" \/><\/a><\/p>\n<p style=\"text-align: center; clear: both;\">Format : 200 x 100 cm<\/p>\n<p style=\"text-align: center; clear: both;\">Mosa\u00efque murale du complexe sportif situ\u00e9 sur l\u2019avenue Leningradsky au niveau du Stade Dynamo. A cet endroit eu lieu en 1891 une exposition fran\u00e7aise, puis y fut construit dans les ann\u00e9es 20, le plus grand stade de football de Moscou, le stade portait alors le nom de Stade Tomsk et fut rebaptis\u00e9 en 1929, le stade des Jeunes Pionniers (cit\u00e9 dans l\u2019\u0153uvre de Ilf et P\u00e9trov, \u00ab Les Douze Chaises \u00bb).<\/p>\n<div class=\"hr_invisible\"><\/div>\n<h4 style=\"text-align: center;\">Illuminations sur l\u2019avenue Kalinine<\/h4>\n<p style=\"text-align: center;\"><a href=\"http:\/\/www.icone-galerie.com\/wp-content\/uploads\/2013\/03\/Illuminations-sur-lavenue-Kalinine200x100.jpg\"><img loading=\"lazy\" decoding=\"async\" class=\"alignnone wp-image-1294 size-medium\" src=\"http:\/\/www.icone-galerie.com\/wp-content\/uploads\/2013\/03\/Illuminations-sur-lavenue-Kalinine200x100-600x301.jpg\" alt=\"\" width=\"600\" height=\"301\" srcset=\"https:\/\/www.icone-galerie.com\/wp-content\/uploads\/2013\/03\/Illuminations-sur-lavenue-Kalinine200x100-600x301.jpg 600w, https:\/\/www.icone-galerie.com\/wp-content\/uploads\/2013\/03\/Illuminations-sur-lavenue-Kalinine200x100-999x500.jpg 999w, https:\/\/www.icone-galerie.com\/wp-content\/uploads\/2013\/03\/Illuminations-sur-lavenue-Kalinine200x100-930x466.jpg 930w, https:\/\/www.icone-galerie.com\/wp-content\/uploads\/2013\/03\/Illuminations-sur-lavenue-Kalinine200x100-450x225.jpg 450w, https:\/\/www.icone-galerie.com\/wp-content\/uploads\/2013\/03\/Illuminations-sur-lavenue-Kalinine200x100.jpg 1000w\" sizes=\"auto, (max-width: 600px) 100vw, 600px\" \/><\/a><\/p>\n<p style=\"text-align: center; clear: both;\">Format : 200 x 100 cm<\/p>\n<p style=\"text-align: center; clear: both;\">Superposition de deux photos. Illuminations de L\u2019avenue Kalinine (du nom au dirigeant sovi\u00e9tique Mikha\u00efl Ivanovitch Kalinine) dans les ann\u00e9es 1960, le jour de comm\u00e9moration de la f\u00eate communiste du 1er Mai, photographi\u00e9e par le journaliste reporteur Igor Zotin, relook\u00e9e en ajoutant les \u00e9clairages actuels de l\u2019avenue, rebaptis\u00e9e depuis, La \u00ab Nouvelle Arbat \u00bb.<\/p>\n<div class=\"hr_invisible\"><\/div>\n<h4 style=\"text-align: center;\">LES ICONES SACREES<\/h4>\n<p style=\"text-align: center;\"><a href=\"http:\/\/www.icone-galerie.com\/wp-content\/uploads\/2013\/03\/les-icones-sacrees-200x100.jpg\"><img loading=\"lazy\" decoding=\"async\" class=\"alignnone wp-image-1315 size-medium\" src=\"http:\/\/www.icone-galerie.com\/wp-content\/uploads\/2013\/03\/les-icones-sacrees-200x100-600x300.jpg\" alt=\"\" width=\"600\" height=\"300\" srcset=\"https:\/\/www.icone-galerie.com\/wp-content\/uploads\/2013\/03\/les-icones-sacrees-200x100-600x300.jpg 600w, https:\/\/www.icone-galerie.com\/wp-content\/uploads\/2013\/03\/les-icones-sacrees-200x100-999x500.jpg 999w, https:\/\/www.icone-galerie.com\/wp-content\/uploads\/2013\/03\/les-icones-sacrees-200x100-930x465.jpg 930w, https:\/\/www.icone-galerie.com\/wp-content\/uploads\/2013\/03\/les-icones-sacrees-200x100-450x225.jpg 450w, https:\/\/www.icone-galerie.com\/wp-content\/uploads\/2013\/03\/les-icones-sacrees-200x100.jpg 1000w\" sizes=\"auto, (max-width: 600px) 100vw, 600px\" \/><\/a><\/p>\n<p style=\"text-align: center; clear: both;\">Format : 200 x 100 cm<\/p>\n<p style=\"text-align: center; clear: both;\">Icone Orante de Marie, la Vierge du signe, Iaroslav fin 17eme. Icone sur tissus, faisant partie de l\u2019impressionnante collection d\u2019\u0153uvres d\u2019art Russes du Grec Georges Kostaki, dont il a fait don \u00e0 la galerie Tretiakov, exposition : \u00ab 100 ans d\u2019un collectionneur \u00bb.<\/p>\n<div class=\"hr_invisible\"><\/div>\n<h4 style=\"text-align: center;\">SAINT BASILE EN CROISILLON<\/h4>\n<p style=\"text-align: center;\"><a href=\"http:\/\/www.icone-galerie.com\/wp-content\/uploads\/2013\/03\/saint-basile-en-croisillon-200x100.jpg\"><img loading=\"lazy\" decoding=\"async\" class=\"alignnone wp-image-1316 size-medium\" src=\"http:\/\/www.icone-galerie.com\/wp-content\/uploads\/2013\/03\/saint-basile-en-croisillon-200x100-600x300.jpg\" alt=\"\" width=\"600\" height=\"300\" srcset=\"https:\/\/www.icone-galerie.com\/wp-content\/uploads\/2013\/03\/saint-basile-en-croisillon-200x100-600x300.jpg 600w, https:\/\/www.icone-galerie.com\/wp-content\/uploads\/2013\/03\/saint-basile-en-croisillon-200x100-999x500.jpg 999w, https:\/\/www.icone-galerie.com\/wp-content\/uploads\/2013\/03\/saint-basile-en-croisillon-200x100-930x465.jpg 930w, https:\/\/www.icone-galerie.com\/wp-content\/uploads\/2013\/03\/saint-basile-en-croisillon-200x100-450x225.jpg 450w, https:\/\/www.icone-galerie.com\/wp-content\/uploads\/2013\/03\/saint-basile-en-croisillon-200x100.jpg 1000w\" sizes=\"auto, (max-width: 600px) 100vw, 600px\" \/><\/a><\/p>\n<p style=\"text-align: center; clear: both;\">Format : 200 x 100 cm<\/p>\n<p style=\"text-align: center; clear: both;\">Les coupoles de Saint Basile le Bienheureux sur la place Rouge, graphique multicolores en croisillon.<\/p>\n<div class=\"hr_invisible\"><\/div>\n<h4 style=\"text-align: center;\">Monument en m\u00e9moire aux conqu\u00e9rants de l&rsquo;espace (Gris\/Rouge)<\/h4>\n<p style=\"text-align: center;\"><a href=\"http:\/\/www.icone-galerie.com\/wp-content\/uploads\/2013\/12\/fusee-grise-VDNX-echarpe-200x100signee-digimarc-copy.jpg\"><img decoding=\"async\" class=\" wp-image-494 aligncenter\" src=\"http:\/\/www.icone-galerie.com\/wp-content\/uploads\/2013\/12\/fusee-grise-VDNX-echarpe-200x100signee-digimarc-copy.jpg\" alt=\"\" width=\"729\" \/><\/a><\/p>\n<p style=\"text-align: center;\"><a href=\"http:\/\/www.icone-galerie.com\/wp-content\/uploads\/2013\/12\/fusee-VDNX-rouge-echarpe-200x100-copy.jpg\"><img decoding=\"async\" class=\" wp-image-494 aligncenter\" src=\"http:\/\/www.icone-galerie.com\/wp-content\/uploads\/2013\/12\/fusee-VDNX-rouge-echarpe-200x100-copy.jpg\" alt=\"\" width=\"729\" \/><\/a><\/p>\n<p style=\"text-align: center; clear: both;\">\u00a0Format : 200 x 100 cm<\/p>\n<p id=\"internal-source-marker_0.6395029885382809\" dir=\"ltr\" style=\"text-align: center;\">Impressionnante ob\u00e9lisque se terminant par une fus\u00e9e, reposant sur un \u00e9norme stylobate ou sont repr\u00e9sent\u00e9s les scientifiques, ouvriers du programme spatial sovi\u00e9tique et La\u00efka, le premier chien dans l&rsquo;espace. Haut de 107 m\u00e8tres, en titane, ce monument fut \u00e9rig\u00e9 en 1964 en l\u2019honneur des cosmonautes russes. Il est situ\u00e9 dans le parc VDNX, actuel Centre panrusse des expositions et figure dans le clip de 1993 \u00ab Go West \u00bb des Pet shop Boys.<\/p>\n<div class=\"hr_invisible\"><\/div>\n<h4 style=\"text-align: center;\">Un petit grain\u2026 de Caviar<\/h4>\n<p style=\"text-align: center;\"><a href=\"http:\/\/www.icone-galerie.com\/wp-content\/uploads\/2013\/02\/Un-petit-grain...de-Caviar.jpg\"><img decoding=\"async\" class=\" wp-image-494 aligncenter\" src=\"http:\/\/www.icone-galerie.com\/wp-content\/uploads\/2013\/02\/Un-petit-grain...de-Caviar.jpg\" alt=\"\" width=\"359\" \/><\/a><\/p>\n<p style=\"text-align: center; clear: both;\">Format : 70 x 190 cm<\/p>\n<p style=\"text-align: center; clear: both;\">Denr\u00e9e rare au go\u00fbt subtil, sa taille et sa couleur varient en fonction de son appellation. B\u00e9luga, Osci\u00e9tre, S\u00e8vrouga, tous \u0153ufs d&rsquo;esturgeons, cet \u00ab\u00a0or noir\u00a0\u00bb russe, provient de la ville d&rsquo;Astrakhan, situ\u00e9e sur le delta de la Volga, au bord de la Mer Caspienne.<\/p>\n<div class=\"hr_invisible\"><\/div>\n<p><a href=\"#\"><img loading=\"lazy\" decoding=\"async\" class=\"size-full wp-image-83 aligncenter\" src=\"http:\/\/www.icone-galerie.com\/wp-content\/uploads\/2012\/10\/icon1.png\" alt=\"icon1\" width=\"72\" height=\"66\" \/><\/a><\/p>","protected":false},"excerpt":{"rendered":"<p>200 x 100 cm Vitrail des travailleurs Format : 200 x 100 cm Vitrail de l\u2019Institut Central de Recherche de G\u00e9nie M\u00e9canique et Travail des M\u00e9taux (TSNIITMASH) \u00e0 Moscou. Ici furent r\u00e9alis\u00e9s, les lance-roquettes \u00ab Katiouchka \u00bb de la seconde guerre mondiale, les fameuses Etoiles Rubis du Kremlin, pour le vingti\u00e8me anniversaire de la R\u00e9volution [&hellip;]<\/p>\n","protected":false},"author":1001002,"featured_media":0,"parent":0,"menu_order":0,"comment_status":"closed","ping_status":"closed","template":"","meta":{"footnotes":""},"class_list":["post-1332","page","type-page","status-publish","hentry"],"_links":{"self":[{"href":"https:\/\/www.icone-galerie.com\/fr\/wp-json\/wp\/v2\/pages\/1332","targetHints":{"allow":["GET"]}}],"collection":[{"href":"https:\/\/www.icone-galerie.com\/fr\/wp-json\/wp\/v2\/pages"}],"about":[{"href":"https:\/\/www.icone-galerie.com\/fr\/wp-json\/wp\/v2\/types\/page"}],"author":[{"embeddable":true,"href":"https:\/\/www.icone-galerie.com\/fr\/wp-json\/wp\/v2\/users\/1001002"}],"replies":[{"embeddable":true,"href":"https:\/\/www.icone-galerie.com\/fr\/wp-json\/wp\/v2\/comments?post=1332"}],"version-history":[{"count":0,"href":"https:\/\/www.icone-galerie.com\/fr\/wp-json\/wp\/v2\/pages\/1332\/revisions"}],"wp:attachment":[{"href":"https:\/\/www.icone-galerie.com\/fr\/wp-json\/wp\/v2\/media?parent=1332"}],"curies":[{"name":"wp","href":"https:\/\/api.w.org\/{rel}","templated":true}]}}

<p></p>
<h3 style="text-align: right; position: absolute; top: -80px; margin-right: 0; right: 0;">200 x 100 cm</h3>
<h4 style="text-align: center;">Vitrail des travailleurs</h4>
<p style="text-align: center;"><a href="http://www.icone-galerie.com/wp-content/uploads/2013/03/Vitrail-des-travailleurs200x100.jpg"><img loading="lazy" decoding="async" class="alignnone wp-image-1290 size-medium" src="http://www.icone-galerie.com/wp-content/uploads/2013/03/Vitrail-des-travailleurs200x100-600x300.jpg" alt="" width="600" height="300" srcset="https://www.icone-galerie.com/wp-content/uploads/2013/03/Vitrail-des-travailleurs200x100-600x300.jpg 600w, https://www.icone-galerie.com/wp-content/uploads/2013/03/Vitrail-des-travailleurs200x100-999x500.jpg 999w, https://www.icone-galerie.com/wp-content/uploads/2013/03/Vitrail-des-travailleurs200x100-930x465.jpg 930w, https://www.icone-galerie.com/wp-content/uploads/2013/03/Vitrail-des-travailleurs200x100-450x225.jpg 450w, https://www.icone-galerie.com/wp-content/uploads/2013/03/Vitrail-des-travailleurs200x100.jpg 1000w" sizes="auto, (max-width: 600px) 100vw, 600px" /></a></p>
<p style="text-align: center; clear: both;">Format : 200 x 100 cm</p>
<p style="text-align: center; clear: both;">Vitrail de l’Institut Central de Recherche de Génie Mécanique et Travail des Métaux (TSNIITMASH) à Moscou. Ici furent réalisés, les lance-roquettes « Katiouchka » de la seconde guerre mondiale, les fameuses Etoiles Rubis du Kremlin, pour le vingtième anniversaire de la Révolution d’Octobre, ainsi que la Sculpture de « l’Ouvrier et de la Kolkhozienne » de Vera Moukhina en 1937.</p>
<div class="hr_invisible"></div>
<h4 style="text-align: center;">Mosaïque des sportifs</h4>
<p style="text-align: center;"><a href="http://www.icone-galerie.com/wp-content/uploads/2013/03/Mosaique-des-sportifs-200x100.jpg"><img loading="lazy" decoding="async" class="alignnone wp-image-1292 size-medium" src="http://www.icone-galerie.com/wp-content/uploads/2013/03/Mosaique-des-sportifs-200x100-600x300.jpg" alt="" width="600" height="300" srcset="https://www.icone-galerie.com/wp-content/uploads/2013/03/Mosaique-des-sportifs-200x100-600x300.jpg 600w, https://www.icone-galerie.com/wp-content/uploads/2013/03/Mosaique-des-sportifs-200x100-999x500.jpg 999w, https://www.icone-galerie.com/wp-content/uploads/2013/03/Mosaique-des-sportifs-200x100-930x465.jpg 930w, https://www.icone-galerie.com/wp-content/uploads/2013/03/Mosaique-des-sportifs-200x100-450x225.jpg 450w, https://www.icone-galerie.com/wp-content/uploads/2013/03/Mosaique-des-sportifs-200x100.jpg 1000w" sizes="auto, (max-width: 600px) 100vw, 600px" /></a></p>
<p style="text-align: center; clear: both;">Format : 200 x 100 cm</p>
<p style="text-align: center; clear: both;">Mosaïque murale du complexe sportif situé sur l’avenue Leningradsky au niveau du Stade Dynamo. A cet endroit eu lieu en 1891 une exposition française, puis y fut construit dans les années 20, le plus grand stade de football de Moscou, le stade portait alors le nom de Stade Tomsk et fut rebaptisé en 1929, le stade des Jeunes Pionniers (cité dans l’œuvre de Ilf et Pétrov, « Les Douze Chaises »).</p>
<div class="hr_invisible"></div>
<h4 style="text-align: center;">Illuminations sur l’avenue Kalinine</h4>
<p style="text-align: center;"><a href="http://www.icone-galerie.com/wp-content/uploads/2013/03/Illuminations-sur-lavenue-Kalinine200x100.jpg"><img loading="lazy" decoding="async" class="alignnone wp-image-1294 size-medium" src="http://www.icone-galerie.com/wp-content/uploads/2013/03/Illuminations-sur-lavenue-Kalinine200x100-600x301.jpg" alt="" width="600" height="301" srcset="https://www.icone-galerie.com/wp-content/uploads/2013/03/Illuminations-sur-lavenue-Kalinine200x100-600x301.jpg 600w, https://www.icone-galerie.com/wp-content/uploads/2013/03/Illuminations-sur-lavenue-Kalinine200x100-999x500.jpg 999w, https://www.icone-galerie.com/wp-content/uploads/2013/03/Illuminations-sur-lavenue-Kalinine200x100-930x466.jpg 930w, https://www.icone-galerie.com/wp-content/uploads/2013/03/Illuminations-sur-lavenue-Kalinine200x100-450x225.jpg 450w, https://www.icone-galerie.com/wp-content/uploads/2013/03/Illuminations-sur-lavenue-Kalinine200x100.jpg 1000w" sizes="auto, (max-width: 600px) 100vw, 600px" /></a></p>
<p style="text-align: center; clear: both;">Format : 200 x 100 cm</p>
<p style="text-align: center; clear: both;">Superposition de deux photos. Illuminations de L’avenue Kalinine (du nom au dirigeant soviétique Mikhaïl Ivanovitch Kalinine) dans les années 1960, le jour de commémoration de la fête communiste du 1er Mai, photographiée par le journaliste reporteur Igor Zotin, relookée en ajoutant les éclairages actuels de l’avenue, rebaptisée depuis, La « Nouvelle Arbat ».</p>
<div class="hr_invisible"></div>
<h4 style="text-align: center;">LES ICONES SACREES</h4>
<p style="text-align: center;"><a href="http://www.icone-galerie.com/wp-content/uploads/2013/03/les-icones-sacrees-200x100.jpg"><img loading="lazy" decoding="async" class="alignnone wp-image-1315 size-medium" src="http://www.icone-galerie.com/wp-content/uploads/2013/03/les-icones-sacrees-200x100-600x300.jpg" alt="" width="600" height="300" srcset="https://www.icone-galerie.com/wp-content/uploads/2013/03/les-icones-sacrees-200x100-600x300.jpg 600w, https://www.icone-galerie.com/wp-content/uploads/2013/03/les-icones-sacrees-200x100-999x500.jpg 999w, https://www.icone-galerie.com/wp-content/uploads/2013/03/les-icones-sacrees-200x100-930x465.jpg 930w, https://www.icone-galerie.com/wp-content/uploads/2013/03/les-icones-sacrees-200x100-450x225.jpg 450w, https://www.icone-galerie.com/wp-content/uploads/2013/03/les-icones-sacrees-200x100.jpg 1000w" sizes="auto, (max-width: 600px) 100vw, 600px" /></a></p>
<p style="text-align: center; clear: both;">Format : 200 x 100 cm</p>
<p style="text-align: center; clear: both;">Icone Orante de Marie, la Vierge du signe, Iaroslav fin 17eme. Icone sur tissus, faisant partie de l’impressionnante collection d’œuvres d’art Russes du Grec Georges Kostaki, dont il a fait don à la galerie Tretiakov, exposition : « 100 ans d’un collectionneur ».</p>
<div class="hr_invisible"></div>
<h4 style="text-align: center;">SAINT BASILE EN CROISILLON</h4>
<p style="text-align: center;"><a href="http://www.icone-galerie.com/wp-content/uploads/2013/03/saint-basile-en-croisillon-200x100.jpg"><img loading="lazy" decoding="async" class="alignnone wp-image-1316 size-medium" src="http://www.icone-galerie.com/wp-content/uploads/2013/03/saint-basile-en-croisillon-200x100-600x300.jpg" alt="" width="600" height="300" srcset="https://www.icone-galerie.com/wp-content/uploads/2013/03/saint-basile-en-croisillon-200x100-600x300.jpg 600w, https://www.icone-galerie.com/wp-content/uploads/2013/03/saint-basile-en-croisillon-200x100-999x500.jpg 999w, https://www.icone-galerie.com/wp-content/uploads/2013/03/saint-basile-en-croisillon-200x100-930x465.jpg 930w, https://www.icone-galerie.com/wp-content/uploads/2013/03/saint-basile-en-croisillon-200x100-450x225.jpg 450w, https://www.icone-galerie.com/wp-content/uploads/2013/03/saint-basile-en-croisillon-200x100.jpg 1000w" sizes="auto, (max-width: 600px) 100vw, 600px" /></a></p>
<p style="text-align: center; clear: both;">Format : 200 x 100 cm</p>
<p style="text-align: center; clear: both;">Les coupoles de Saint Basile le Bienheureux sur la place Rouge, graphique multicolores en croisillon.</p>
<div class="hr_invisible"></div>
<h4 style="text-align: center;">Monument en mémoire aux conquérants de l&rsquo;espace (Gris/Rouge)</h4>
<p style="text-align: center;"><a href="http://www.icone-galerie.com/wp-content/uploads/2013/12/fusee-grise-VDNX-echarpe-200x100signee-digimarc-copy.jpg"><img decoding="async" class=" wp-image-494 aligncenter" src="http://www.icone-galerie.com/wp-content/uploads/2013/12/fusee-grise-VDNX-echarpe-200x100signee-digimarc-copy.jpg" alt="" width="729" /></a></p>
<p style="text-align: center;"><a href="http://www.icone-galerie.com/wp-content/uploads/2013/12/fusee-VDNX-rouge-echarpe-200x100-copy.jpg"><img decoding="async" class=" wp-image-494 aligncenter" src="http://www.icone-galerie.com/wp-content/uploads/2013/12/fusee-VDNX-rouge-echarpe-200x100-copy.jpg" alt="" width="729" /></a></p>
<p style="text-align: center; clear: both;"> Format : 200 x 100 cm</p>
<p id="internal-source-marker_0.6395029885382809" dir="ltr" style="text-align: center;">Impressionnante obélisque se terminant par une fusée, reposant sur un énorme stylobate ou sont représentés les scientifiques, ouvriers du programme spatial soviétique et Laïka, le premier chien dans l&rsquo;espace. Haut de 107 mètres, en titane, ce monument fut érigé en 1964 en l’honneur des cosmonautes russes. Il est situé dans le parc VDNX, actuel Centre panrusse des expositions et figure dans le clip de 1993 « Go West » des Pet shop Boys.</p>
<div class="hr_invisible"></div>
<h4 style="text-align: center;">Un petit grain… de Caviar</h4>
<p style="text-align: center;"><a href="http://www.icone-galerie.com/wp-content/uploads/2013/02/Un-petit-grain...de-Caviar.jpg"><img decoding="async" class=" wp-image-494 aligncenter" src="http://www.icone-galerie.com/wp-content/uploads/2013/02/Un-petit-grain...de-Caviar.jpg" alt="" width="359" /></a></p>
<p style="text-align: center; clear: both;">Format : 70 x 190 cm</p>
<p style="text-align: center; clear: both;">Denrée rare au goût subtil, sa taille et sa couleur varient en fonction de son appellation. Béluga, Osciétre, Sèvrouga, tous œufs d&rsquo;esturgeons, cet « or noir » russe, provient de la ville d&rsquo;Astrakhan, située sur le delta de la Volga, au bord de la Mer Caspienne.</p>
<div class="hr_invisible"></div>
<p><a href="#"><img loading="lazy" decoding="async" class="size-full wp-image-83 aligncenter" src="http://www.icone-galerie.com/wp-content/uploads/2012/10/icon1.png" alt="icon1" width="72" height="66" /></a></p>

<p>200 x 100 cm Vitrail des travailleurs Format : 200 x 100 cm Vitrail de l’Institut Central de Recherche de Génie Mécanique et Travail des Métaux (TSNIITMASH) à Moscou. Ici furent réalisés, les lance-roquettes « Katiouchka » de la seconde guerre mondiale, les fameuses Etoiles Rubis du Kremlin, pour le vingtième anniversaire de la Révolution [&hellip;]</p>
